 49.
46
Calculate the remainder when (-2)/11 + 535612/1694 is divided by 85.
61
Let k = 77 - 64. Let i = -331 + 368. What is the remainder when i is divided by k?
11
Let q(u) = u**3 + 2*u**2 - u + 4. Let d be q(-3). Suppose 8*l = 483 - 155. What is the remainder when l is divided by (d/(-4))/((-4)/(-112))?
13
Suppose 6 = 2*r - 10. Let h(v) be the second derivative of v**5/20 + 7*v**4/12 + v**3/6 + 6*v**2 + 4*v. Calculate the remainder when r is divided by h(-7).
3
Suppose -575 = -n - v, -43*n = -40*n - 3*v - 1677. Calculate the remainder when n is divided by 184.
15
Suppose o - 44 = -3*o. Suppose -4*j + 4 = 3*q, 0 = -2*q + 5*q. What is the remainder when (0 - 51 - j)*(-43 - -42) is divided by o?
8
Let a(v) be the third derivative of 2*v**4 - 59*v**3/2 + 182*v**2. What is the remainder when a(11) is divided by 16?
15
Suppose -3*c - 29 = -5*q + c, 3*c + 13 = 2*q. Suppose -5*d = -14*v + 16*v - 865, 0 = v + 5. Let a = -173 + d. What is the remainder when q is divided by a?
1
Let m(u) = u**2 - 4*u + 9. Let w(i) be the first derivative of -i**2/2 + 7*i - 58. What is the remainder when m(6) is divided by w(-6)?
8
Let o(h) = 2*h**2 - 10 + 2*h - 4*h + 0*h - 15*h. Calculate the remainder when 269 is divided by o(11).
44
Suppose 0 = 2*v + 4*d - 156, 2*d - 265 + 279 = 0. What is the remainder when 9749 is divided by v?
89
Let t = -12239 + 12279. What is the remainder when 5397 is divided by t?
37
Suppose 8*q - 20*q + 144 = 0. Suppose 9*x = 12*x - q. Suppose -5*s + 3*s = 8, -s + 19 = t. Calculate the remainder when t is divided by x.
3
Let o = 16 - -12. Let y = 283 - 258. Suppose y = 4*p + 3*n, 0 = -0*p + p + n - 5. Calculate the remainder when o is divided by p.
8
Calculate the remainder when 1722 is divided by 34028/60 + -1 - (-40)/(-300).
24
Let u = 12576 + -12573. Let j = 32 + 7. Calculate the remainder when 128 is divided by u/(18/4) - (-1261)/j.
29
Suppose 5470*t = 5466*t + 24. Calculate the remainder when 89 is divided by t.
5
Suppose 0 = -4*k + 93023 - 92895. Calculate the remainder when 127 is divided by k.
31
Suppose 9*u + 10990 = 16*u. Suppose 40*p - u + 250 = 0. What is the remainder when 263 is divided by p?
32
Let k = 1197 + -1006. Calculate the remainder when 1141 is divided by k.
186
Suppose -146*v + 143*v - 5*g + 95 = 0, 2*g - 133 = -5*v. Suppose -2*i = -154 + 20. Calculate the remainder when i is divided by v.
17
Calculate the remainder when 7289 is divided by (-126)/(-6) + 7 + (-14 - -13).
26
Let i(s) = -s + 2. Let c(n) = -4*n + 16. Let l(v) = -c(v) + 10*i(v). Let h = 22 + -24. What is the remainder when 61 is divided by l(h)?
13
Calculate the remainder when 161 is divided by 18894/235 + 65/25.
78
Let g(y) = 15*y**2 + 88*y - 176. Calculate the remainder when 575 is divided by g(2).
35
Suppose 3*v = -3*s + 96, -3*v = -v + 4*s - 68. Suppose 3*r - 174 - 267 = -3*i, -5*r - i + 719 = 0. Calculate the remainder when r is divided by v.
23
Let s(d) = 12 + 25 + 28 - 4*d. Let r be s(9). Suppose -33*g + 96 = -r*g. Calculate the remainder when 95 is divided by g.
23
Suppose 8*p - 3*p = 0. Calculate the remainder when 14 is divided by (p + 0 - (2 + -12)) + -2.
6
Let r = 1073 + -1097. Let l = 0 - -4. What is the remainder when 48 is divided by (r/(-9))/l*15?
8
Let n = -14511 + 14848. What is the remainder when n is divided by 76?
33
Let u(o) = -7*o**2 - 8*o - 19. Let f be u(-4). Let y = 102 + f. Suppose -y*v = -v - 58. Calculate the remainder when v is divided by 8.
5
Let d = 822 + -300. Suppose -12*g + d + 414 = 0. What is the remainder when g is divided by 23?
9
Let a(h) = h**3 - 38*h**2 + 136*h - 12. Let d be a(34). Suppose 0 = 4*f - f - 48. What is the remainder when (-42)/(-5 - d) - -164 is divided by f?
14
Calculate the remainder when (-84)/(-126)*(-1014)/(-2) is divided by 53.
20
Let h = 36 + -8. Let o(s) = 20*s - 11. Let p be o(3). Let g = p - 43. Calculate the remainder when h is divided by g.
4
Let y = -48 + 52. Let x(s) = -s + 26 + y*s - 10*s + 5*s. Calculate the remainder when x(-9) is divided by 10.
4
Calculate the remainder when 40/(-4) - (-419746)/58 is divided by 26.
25
Calculate the remainder when 851 is divided by (-10 + (-238)/(-28))/((-2)/16).
11
Let n = 7917 - 7879. Calculate the remainder when 98 is divided by n.
22
Suppose 9*w + 350 = 19*w. What is the remainder when 51 is divided by ((-112)/w)/8*-50?
11
Let h = 5 + -4. Let z = 266 + -264. Calculate the remainder when (5 - (-6)/(-2))*h is divided by z.
0
Let w be 1216/6 + 2/(-3). Let i be (-238)/(-98)*7 - 1/3*21. Suppose 2*a = -i, 2*a - w = -6*u + 2*u. Calculate the remainder when u is divided by 14.
11
Let o(j) = 21*j + 308. Calculate the remainder when o(-2) is divided by 20.
6
Calculate the remainder when 10485 is divided by (-2623)/(-305) - (-3 - (144/(-10))/4).
5
Let z = -14270 + 15151. Calculate the remainder when 2655 is divided by z.
12
Let h = 160 - 85. What is the remainder when h is divided by (-576)/27*((-35)/(-28) + -2)?
11
Suppose -159*m + 153*m + 618 = 0. Suppose 170 + m = 21*q. Calculate the remainder when 113 is divided by q.
9
Suppose 0*v + 70 = 5*v. Let y = 280 - 697. Let r = y - -441. What is the remainder when r is divided by v?
10
Let u(j) = 7*j**2 - 3*j - 21. Let d = 104 - 108. Calculate the remainder when u(d) is divided by 21.
19
Suppose 114*j = -6*j + 107640. Calculate the remainder when j is divided by 240.
177
Let q(d) = 6*d**2 + 83*d - 129. What is the remainder when q(-20) is divided by 81?
44
Let f(l) = -1. Let o(d) = d + 31. Let k(h) = 2*f(h) + o(h). Let i = 45 - 7. Calculate the remainder when i is divided by k(-16).
12
Let t(z) = -z**2 + 7*z + 8. Suppose -6 = -s - 0*s. Suppose 0 = 2*v + 6*y - 70, 18 = 2*v - 5*y - 19. What is the remainder when v is divided by t(s)?
12
Let i = -3212 - -3262. Suppose 5*j + 35 + 50 = 0. Let g = 10 - j. What is the remainder when i is divided by g?
23
Let m = 344 - -1035. Calculate the remainder when m is divided by 30.
29
Suppose -2624 = -2*o - 30*o. Calculate the remainder when 388 is divided by o.
60
Suppose -16*i + 965 = -1131. What is the remainder when i is divided by 17?
12
Let d be 8/(-6)*9/(-12). Let l be 32 + (0 - (0 + -3 + d)). Let a = -23 + l. What is the remainder when 29 is divided by a?
7
Let z(n) = -50*n + 79. Let v be z(6). Let s = -185 - v. What is the remainder when 39 is divided by s?
3
Let n(i) = 2*i**2 + 457*i + 3582. Suppose -5*g = 5*w - 150, 0 = -w + 3*w - 4*g - 60. What is the remainder when n(-8) is divided by (-68)/(-6) - 10/w?
10
Calculate the remainder when 124 is divided by 15922/532 + 1/14.
4
Suppose -56307 = 31*p - 442*p. What is the remainder when 1289 is divided by p?
56
Suppose -154*n + 921 = -151*n. Let v = n - 139. Calculate the remainder when v is divided by 46.
30
Suppose 48*z = -60*z - 71*z + 70705. Calculate the remainder when z is divided by 151.
93
Let f(g) = g**3 - 7*g**2 - 13*g + 11. Let i be f(9). Let r = -28 + i. Let v(j) = 95*j - 13. What is the remainder when v(1) is divided by r?
26
Suppose 0 = 4*t, -t = 4*n - 9*n. Suppose 0 = -3*z + 2*p + 45, 959*z - 955*z - 4*p - 52 = 0. Calculate the remainder when (n - -3)/((-1)/(-25)) is divided by z.
18
Suppose -63*x + 151*x = 136*x - 10800. Calculate the remainder when 887 is divided by x.
212
Let w(l) = 3*l**2 - 8*l - 4. Let h be w(6). Let v = h + 15. Let k = 15279 - 15261. What is the remainder when v is divided by k?
17
Suppose -4*f + 0*f + 208 = 0. Suppose 2*w = 1 + 5. Let q(o) = -o**3 + 4*o**2 - o + 5. What is the remainder when f is divided by q(w)?
8
Let t(i) = -18*i + 100. Let g(h) = h**2 - 13*h - 30. Let q be g(15). What is the remainder when t(q) is divided by 38?
24
Let i = 241 - 139. Suppose 79 + 8 = 3*a. What is the remainder when 6 + i + 1 + 3 is divided by a?
25
Let i be -14 - ((-2)/6 - (-187)/(-51)). Calculate the remainder when i/(-25) + 5093/55 is divided by 30.
3
What is the remainder when 167 is divided by (61 - 42/6)*(-2 - -3)?
5
What is the remainder when 323 is divided by (-60)/(-18)*(442/65 - 8/4)?
3
Suppose 200 = 34*g - 14148. Suppose 16*m = g + 90. Calculate the remainder when 58 is divided by m.
26
Suppose 3*l - 125 = -4*u, 3*l - 152 + 45 = 5*u. Let q(a) = 49*a + 16. What is the remainder when q(2) is divided by l?
36
Let v be (-1263)/(-9) - 6/18. Let y = 146 - v. Let t = 74 - y. Calculate the r